{"id":78,"date":"2016-12-07T19:20:09","date_gmt":"2016-12-07T19:20:09","guid":{"rendered":"http:\/\/beleefkindercoaching.nl\/?page_id=78"},"modified":"2026-02-26T13:14:08","modified_gmt":"2026-02-26T13:14:08","slug":"judy","status":"publish","type":"page","link":"https:\/\/beleefkindercoaching.nl\/?page_id=78","title":{"rendered":"Over mij"},"content":{"rendered":"\n<p class=\"has-black-color has-text-color\"><span style=\"color: #993366;\"><\/span>Hi, ik ben Judy!<\/p>\n\n\n\n<p class=\"has-black-color has-text-color\">Moeder van twee prachtige dochters, samen met mijn lieve man wonen we in het gezellige Breukelen. Maar dat is niet alles wat mij omschrijft.<\/p>\n\n\n\n<p class=\"has-black-color has-text-color\">Als jongste van vier zussen was ik altijd goed in aanpassen. Ik koos vaak het veilige pad, deed wat van me verwacht werd, maar verloor daarbij een beetje wie ik echt was. Tot ik ontdekte waar mijn hart \u00e9cht sneller van ging kloppen.<\/p>\n\n\n\n<figure class=\"wp-block-image size-large\"><img loading=\"lazy\" decoding=\"async\" width=\"1024\" height=\"493\" src=\"https:\/\/beleefkindercoaching.nl\/wp-content\/uploads\/2025\/06\/Beige-Elegant-Fashion-Website-4-1024x493.png\" alt=\"\" class=\"wp-image-1968\" srcset=\"https:\/\/beleefkindercoaching.nl\/wp-content\/uploads\/2025\/06\/Beige-Elegant-Fashion-Website-4-1024x493.png 1024w, https:\/\/beleefkindercoaching.nl\/wp-content\/uploads\/2025\/06\/Beige-Elegant-Fashion-Website-4-300x144.png 300w, https:\/\/beleefkindercoaching.nl\/wp-content\/uploads\/2025\/06\/Beige-Elegant-Fashion-Website-4-768x370.png 768w, https:\/\/beleefkindercoaching.nl\/wp-content\/uploads\/2025\/06\/Beige-Elegant-Fashion-Website-4.png 1350w\" sizes=\"auto, (max-width: 1024px) 100vw, 1024px\" \/><\/figure>\n\n\n\n<p class=\"has-black-color has-text-color\">Koken werd mijn toevlucht. Voelde ik me onzeker, gestrest of liep het even niet zoals ik wilde? Dan stond ik daar, tussen de potten en pannen. In die momenten vond ik mijn kracht terug. Het werd me steeds duidelijker: net als in de keuken, draait het leven om de juiste ingredi\u00ebnten.<\/p>\n\n\n\n<p class=\"has-black-color has-text-color\">Mijn geheime recept?<\/p>\n\n\n\n<p class=\"has-black-color has-text-color\">\u2b50 Vertrouwen \u2013 in mezelf \u00e9n de wereld om me heen<br>\u2b50 Eigenheid \u2013 weten wie ik ben en daar vol voor gaan<br>\u2b50 Durf \u2013 met lef en plezier mijn eigen pad kiezen<br>\u2b50 Creativiteit \u2013 denken buiten de lijntjes<br>\u2b50 Zingen! \u2013 want dat maakt alles lichter<\/p>\n\n\n\n<p class=\"has-black-color has-text-color\">Wanneer ik deze ingredi\u00ebnten meng met een flinke snuf liefde, sta ik stevig in mijn schoenen en kies ik vol overtuiging voor wat bij mij past.<\/p>\n\n\n\n<p class=\"has-black-color has-text-color\">Na jarenlang met passie als logopedist te hebben gewerkt in het onderwijs voor kinderen met een verstandelijke beperking, voelde ik dat het tijd was voor een nieuwe stap. Ik volgde mijn hart en werd kindercoach. <\/p>\n\n\n\n<p class=\"has-black-color has-text-color\">Door de jaren heen ben ik me steeds meer gaan verdiepen in de boodschap \u00e1chter gedrag. Wat vertelt ons gedrag ons eigenlijk echt? Al snel ontdekte ik hoe ongelooflijk veel invloed onze tijd in de buik, de geboorte en ons familiesysteem heeft op de patronen waarmee we nu vastlopen. Die ontdekking was voor mij een gamechanger.<\/p>\n\n\n\n<p class=\"has-black-color has-text-color\">Mijn eigen proces bracht me bij de opleiding tot NEI therapeut \u2014 een waardevolle aanvulling op mijn werk als coach. Hierdoor kan ik n\u00f3g dieper gaan, blokkades \u00e9cht in de kern opsporen \u00e9n transformeren. Zodat jij vanuit je hoofd, hart en gevoel kunt leven en jouw eigen keuzes durft te maken. <\/p>\n\n\n\n<p class=\"has-black-color has-text-color\">Opleidingen &amp; trainingen:<br>\u2714 Tori Kindercoachopleiding<br>\u2714 Je Geboorte in Kaart<br>\u2714 Systemisch Werk<br>\u2714 Jij Natuurlijk Natuurcoaching bij Natasha Bruti<br>\u2714 NEI-therapie (inclusief verdiepingsopleiding) bij het Energetisch Huis<br>\u2714 Verbroken Verbindingsmassage bij Jolanda Vleugel<\/p>\n\n\n\n<p class=\"has-black-color has-text-color\">Ben je benieuwd hoe ik jou of je kind kan helpen om weer chef van je eigen leven te worden? Laten we samen ontdekken welke ingredi\u00ebnten&nbsp;daarbij&nbsp;passen!<\/p>\n\n\n\n<div class=\"wp-block-buttons alignwide is-content-justification-center is-layout-flex wp-container-core-buttons-is-layout-a89b3969 wp-block-buttons-is-layout-flex\">\n<div class=\"wp-block-button\"><a class=\"wp-block-button__link has-background wp-element-button\" href=\"https:\/\/beleefkindercoaching.nl\/?page_id=7\" style=\"background-color:#d8a39a\">Neem vrijblijvend contact op<\/a><\/div>\n<\/div>\n","protected":false},"excerpt":{"rendered":"<p>Hi, ik ben Judy! Moeder van twee prachtige dochters, samen met mijn lieve man wonen we in het gezellige Breukelen. Maar dat is niet alles wat mij omschrijft. Als jongste van vier zussen was ik altijd goed in aanpassen. Ik<\/p>\n","protected":false},"author":1,"featured_media":0,"parent":0,"menu_order":0,"comment_status":"closed","ping_status":"closed","template":"","meta":{"footnotes":""},"class_list":["post-78","page","type-page","status-publish","hentry"],"_links":{"self":[{"href":"https:\/\/beleefkindercoaching.nl\/index.php?rest_route=\/wp\/v2\/pages\/78","targetHints":{"allow":["GET"]}}],"collection":[{"href":"https:\/\/beleefkindercoaching.nl\/index.php?rest_route=\/wp\/v2\/pages"}],"about":[{"href":"https:\/\/beleefkindercoaching.nl\/index.php?rest_route=\/wp\/v2\/types\/page"}],"author":[{"embeddable":true,"href":"https:\/\/beleefkindercoaching.nl\/index.php?rest_route=\/wp\/v2\/users\/1"}],"replies":[{"embeddable":true,"href":"https:\/\/beleefkindercoaching.nl\/index.php?rest_route=%2Fwp%2Fv2%2Fcomments&post=78"}],"version-history":[{"count":87,"href":"https:\/\/beleefkindercoaching.nl\/index.php?rest_route=\/wp\/v2\/pages\/78\/revisions"}],"predecessor-version":[{"id":2095,"href":"https:\/\/beleefkindercoaching.nl\/index.php?rest_route=\/wp\/v2\/pages\/78\/revisions\/2095"}],"wp:attachment":[{"href":"https:\/\/beleefkindercoaching.nl\/index.php?rest_route=%2Fwp%2Fv2%2Fmedia&parent=78"}],"curies":[{"name":"wp","href":"https:\/\/api.w.org\/{rel}","templated":true}]}}